actor of 112?
False
Does 77 divide 885?
False
Is 19 a factor of 843?
False
Does 5 divide 5315?
True
Does 14 divide 10752?
True
Does 13 divide 7646?
False
Is 5 a factor of 1555?
True
Is 816 a multiple of 16?
True
Does 2 divide 1337?
False
Is 8451 a multiple of 63?
False
Is 152 even?
True
Is 84 a factor of 1939?
False
Is 90 a factor of 10030?
False
Does 14 divide 300?
False
Is 15895 a multiple of 4?
False
Is 6 a factor of 275?
False
Is 55 a multiple of 6?
False
Does 3 divide 288?
True
Does 119 divide 31785?
False
Does 187 divide 1870?
True
Does 75 divide 104777?
False
Is 15 a factor of 985?
False
Does 2 divide 33?
False
Is 1200 a multiple of 20?
True
Is 12 a factor of 212?
False
Is 4 a factor of 62?
False
Is 10551 a multiple of 15?
False
Does 31 divide 435?
False
Does 274 divide 27674?
True
Is 3000 a multiple of 15?
True
Is 8 even?
True
Is 51340 a multiple of 340?
True
Is 3479 a multiple of 7?
True
Is 39 a factor of 11271?
True
Is 6 a factor of 16795?
False
Is 42 a factor of 4452?
True
Does 49 divide 1078?
True
Is 6606 a multiple of 9?
True
Is 33 a factor of 363?
True
Is 8 a factor of 4072?
True
Is 31 a factor of 1922?
True
Is 346 a multiple of 11?
False
Is 9 a factor of 3879?
True
Is 8 a factor of 388?
False
Is 22 a factor of 2501?
False
Is 66 a factor of 22902?
True
Does 101 divide 808?
True
Does 53 divide 1855?
True
Does 25 divide 325?
True
Is 1144 a multiple of 23?
False
Is 5900 a multiple of 20?
True
Is 6650 a multiple of 14?
True
Does 40 divide 27280?
True
Is 2346 a multiple of 102?
True
Does 6 divide 2072?
False
Is 104 a factor of 3848?
True
Is 31 a factor of 31?
True
Is 326 a multiple of 4?
False
Does 52 divide 988?
True
Is 80 a factor of 20560?
True
Is 10440 a multiple of 40?
True
Is 1100 a multiple of 11?
True
Is 1224 a multiple of 17?
True
Is 1160 a multiple of 20?
True
Does 53 divide 734?
False
Is 4590 a multiple of 102?
True
Is 1377 a multiple of 6?
False
Is 15 a factor of 305?
False
Is 13985 a multiple of 10?
False
Does 48 divide 911?
False
Is 1056 a multiple of 44?
True
Does 2 divide 5113?
False
Is 2905 a multiple of 35?
True
Is 54 a factor of 3078?
True
Is 360 a multiple of 6?
True
Does 27 divide 3662?
False
Is 721 a multiple of 21?
False
Is 50 a factor of 20100?
True
Is 1494 a multiple of 6?
True
Does 106 divide 22366?
True
Is 15 a factor of 51?
False
Does 51 divide 8364?
True
Is 8 a factor of 920?
True
Is 38 a factor of 517?
False
Is 317 a multiple of 15?
False
Is 2 a factor of 23?
False
Is 2460 a multiple of 60?
True
Does 53 divide 901?
True
Is 383 a multiple of 6?
False
Is 29158 a multiple of 239?
True
Is 140 a multiple of 5?
True
Is 10 a factor of 38830?
True
Is 16 a factor of 16862?
False
Is 174 a factor of 22934?
False
Does 11 divide 968?
True
Is 39 a factor of 1284?
False
Does 3 divide 2681?
False
Does 37 divide 3996?
True
Is 513 a multiple of 19?
True
Is 1008 a multiple of 112?
True
Does 32 divide 6208?
True
Is 1534 a multiple of 118?
True
Does 19 divide 367?
False
Is 1742 a multiple of 13?
True
Is 130 a multiple of 5?
True
Is 32 a factor of 173?
False
Is 16 a factor of 1996?
False
Does 61 divide 459?
False
Is 270 a multiple of 6?
True
Is 13 a factor of 834?
False
Does 38 divide 388?
False
Is 3329 a multiple of 53?
False
Is 868 a multiple of 31?
True
Is 27 a factor of 32768?
False
Is 18 a factor of 279?
False
Is 9 a factor of 10948?
False
Is 18 a factor of 1565?
False
Is 43 a factor of 4988?
True
Is 22736 a multiple of 196?
True
Is 71502 a multiple of 102?
True
Is 16 a factor of 13344?
True
Does 20 divide 19190?
False
Is 2330 even?
True
Does 14 divide 29288?
True
Is 17 a factor of 1700?
True
Is 10780 a multiple of 14?
True
Is 3528 a multiple of 24?
True
Is 1029 a multiple of 15?
False
Is 21 a factor of 5418?
True
Does 34 divide 35106?
False
Is 30340 a multiple of 74?
True
Is 22852 a multiple of 200?
False
Is 1056 a multiple of 12?
True
Is 5 a factor of 164?
False
Is 8201 a multiple of 139?
True
Does 177 divide 36902?
False
Is 180 a factor of 1191?
False
Is 6 a factor of 2370?
True
Does 129 divide 5289?
True
Is 18871 a multiple of 7?
False
Does 30 divide 17520?
True
Does 26 divide 156?
True
Does 52 divide 26780?
True
Does 201 divide 474?
False
Is 3326 a multiple of 9?
False
Is 228 a factor of 79572?
True
Is 665 a multiple of 43?
False
Is 1088 a multiple of 99?
False
Is 628 a multiple of 23?
False
Is 300 a multiple of 12?
True
Is 3 a factor of 6?
True
Is 54696 a multiple of 243?
False
Is 92 a factor of 1288?
True
Is 9 a factor of 396?
True
Is 114 a factor of 1212?
False
Does 51 divide 306?
True
Is 78 a multiple of 8?
False
Is 16 a factor of 1342?
False
Does 20 divide 420?
True
Does 6 divide 2730?
True
Does 7 divide 44?
False
Is 3779 a multiple of 30?
False
Is 11 a factor of 3499?
False
Does 74 divide 3825?
False
Is 100 a factor of 34912?
False
Is 20 a factor of 206?
False
Does 9 divide 3412?
False
Is 39000 a multiple of 245?
False
Is 110 a multiple of 5?
True
Is 14289 a multiple of 33?
True
Does 38 divide 150?
False
Is 8 a factor of 1746?
False
Is 3 a factor of 354?
True
Does 67 divide 670?
True
Is 8853 a multiple of 13?
True
Is 4 a factor of 318?
False
Does 75 divide 1200?
True
Is 186 a factor of 6123?
False
Is 72 even?
True
Is 10350 a multiple of 75?
True
Is 6 a factor of 362?
False
Is 6 a factor of 694?
False
Does 17 divide 27931?
True
Is 16 a multiple of 6?
False
Is 812 a multiple of 29?
True
Does 38 divide 241?
False
Is 2700 a multiple of 108?
True
Is 14 a factor of 593?
False
Is 3640 a multiple of 91?
True
Is 38 a factor of 1216?
True
Is 6 a factor of 336?
True
Is 756 a multiple of 28?
True
Is 10426 a multiple of 22?
False
Is 47 a factor of 15309?
False
Is 6 a factor of 300?
True
Is 41 a factor of 20090?
True
Is 72 a factor of 1584?
True
Is 1260 a multiple of 210?
True
Is 5913 a multiple of 9?
True
Is 29 a factor of 254?
False
Does 126 divide 13202?
False
Is 50 a factor of 4800?
True
Is 13 a factor of 494?
True
Is 658 a multiple of 94?
True
Is 8 a factor of 734?
False
Is 87 a multiple of 11?
False
Is 1979 a multiple of 41?
False
Is 35 a multiple of 7?
True
Is 26 a factor of 1220?
False
Is 47 a factor of 7483?
False
Is 224 a multiple of 28?
True
Does 212 divide 36676?
True
Is 12 a factor of 764?
False
Does 217 divide 14867?
False
Is 82 a factor of 226?
False
Is 1148 a multiple of 24?
False
Is 3 a factor of 2526?
True
Is 38 a factor of 384?
False
Is 2 a factor of 9254?
True
Is 65 a factor of 1515?
False
Does 11 divide 1261?
False
Is 693 a multiple of 11?
True
Is 73851 a multiple of 13?
False
Is 864 a multiple of 16?
True
Does 18 divide 3836?
False
Does 8 divide 217?
False
Is 1807 a multiple of 24?
False
Is 106 a factor of 45505?
False
Is 27 a factor of 6239?
False
Does 206 divide 19982?
True
Is 6 a factor of 440?
False
Does 36 divide 234?
False
Is 4 a factor of 1327?
False
Is 9 a factor of 117?
True
Is 22 a factor of 1775?
False
Is 3700 a multiple of 35?
False
Is 1763 a multiple of 43?
True
Does 12 divide 667?
False
Is 56 a factor of 14840?
True
Is 6 a factor of 776?
False
Is 13 a factor of 40548?
False
Is 9 a factor of 49?
False
Does 13 divide 1352?
True
Does 13 divide 15311?
False
Is 1642 a multiple of 291?
False
Is 11118 a multiple of 6?
True
Does 11 divide 153498?
False
Is 2156 a multiple of 22?
True
Does 17 divide 211?
False
Does 19 divide 228?
True
Does 66 divide 2303?
False
Is 24280 a multiple of 45?
False
Is 308 a multiple of 14?
True
Is 123300 a multiple of 50?
True
Does 2 divide 45?
False
Is 7 a factor of 9105?
False
Is 778 a multiple of 10?
False
Does 36 divide 38016?
True
Is 6 a factor of 422?
False
Does 48 divide 23662?
False
Does 7 divide 735?
True
Is 130 a factor of 3745?
False
Is 624 a multiple of 52?
True
Does 29 divide 348?
True
Does 7 divide 40719?
True
Is 160 a multiple of 4?
True
Does 21 divide 5229?
True
Is 75 a factor of 150?
True
Does 24 divide 153?
False
Is 29 a factor of 678?
False
Does 4 divide 450?
False
Is 75 a factor of 16965?
False
Does 257 divide 20289?
False
Is 7342 a multiple of 79?
False
Is 39 a factor of 3939?
True
Is 60 a factor of 894?
False
Is 8 a factor of 803?
False
Does 4 divide 11640?
True
Is 65988 a multiple of 282?
True
Does 9 divide 10136?
False
Is 1435 a multiple of 35?
True
Is 1482 a multiple of 57?
True
Is 36 a factor of 3139?
False
Is 218 even?
True
Is 1274 a multi